03065?
False
Is 76 a factor of 1444894368?
True
Does 4238 divide 823960436?
True
Does 159 divide 937504863?
True
Is 1079029185 a multiple of 41?
True
Does 336 divide 2035818460?
False
Is 237961 even?
False
Is 131202646 a multiple of 8?
False
Is 107 a factor of 140911617?
True
Does 222 divide 250681040?
False
Is 25 a factor of 643575?
True
Is 863196466 a multiple of 4?
False
Is 99 a factor of 610590420?
True
Is 891 a factor of 1477932885?
True
Is 26119103 a multiple of 7?
False
Does 53 divide 560634?
True
Does 4 divide 56561974?
False
Is 674759254 a multiple of 41?
False
Is 29307352 a multiple of 1540?
False
Is 17043561 a multiple of 11?
False
Does 62 divide 139382510?
True
Does 1532 divide 1394467053?
False
Is 683467232 a multiple of 539?
False
Is 50 a factor of 58752050?
True
Is 143070538 a multiple of 34?
True
Is 35 a factor of 196043540?
True
Does 112 divide 243963329?
False
Is 36 a factor of 1702453186?
False
Is 4380 a factor of 733580383?
False
Does 337 divide 107210484?
True
Is 415052331 a multiple of 2881?
False
Is 149160456 a multiple of 58?
True
Does 326 divide 508404172?
True
Is 10851040 a multiple of 160?
True
Is 6 a factor of 214816494?
True
Does 11 divide 11895946?
False
Does 19 divide 3640747?
False
Is 164 a factor of 2340055197?
False
Is 344131092 a multiple of 9?
True
Does 2240 divide 1054916800?
True
Is 6 a factor of 42036936?
True
Is 298257662 a multiple of 3895?
False
Is 74740000 a multiple of 1850?
True
Is 25 a factor of 2677750?
True
Is 60605547 a multiple of 223?
False
Is 29159472 a multiple of 67?
True
Is 249462912 a multiple of 12?
True
Is 52 a factor of 7966994?
False
Is 4 a factor of 11535820?
True
Does 449 divide 2651703751?
True
Is 637 a factor of 472109365?
True
Is 628953680 a multiple of 23?
False
Is 5692 a factor of 256313752?
False
Does 349 divide 725604497?
False
Is 327821000 a multiple of 10855?
True
Is 25 a factor of 1006987764?
False
Is 143 a factor of 108177063?
False
Does 16 divide 131616235?
False
Does 13 divide 542553039?
False
Is 25303336 a multiple of 4919?
True
Is 16 a factor of 295641280?
True
Does 2 divide 10477776?
True
Is 89922960 a multiple of 3413?
False
Is 544 a factor of 93593024?
True
Is 77 a factor of 10880485?
True
Is 70566569 a multiple of 57?
False
Is 65 a factor of 30212576?
False
Is 406757911 a multiple of 10?
False
Does 79 divide 38034710?
False
Is 468085665 a multiple of 656?
False
Does 1854 divide 216260019?
False
Is 3354008977 a multiple of 144?
False
Is 18 a factor of 1515950964?
True
Is 174 a factor of 86731866?
True
Is 9818464 a multiple of 264?
False
Is 85432944 a multiple of 1416?
True
Is 1249010850 a multiple of 74?
True
Is 39 a factor of 348982530?
True
Is 59723424 a multiple of 786?
True
Does 654 divide 55577055?
False
Is 15 a factor of 804918645?
True
Is 249 a factor of 6435156?
True
Does 74 divide 514649354?
True
Is 923 a factor of 45238970?
False
Is 10261280 a multiple of 118?
True
Is 218 a factor of 440191268?
True
Is 10 a factor of 32833180?
True
Is 246436410 a multiple of 960?
False
Does 145 divide 15243714?
False
Is 10 a factor of 68215300?
True
Is 5541661 a multiple of 495?
False
Is 1953 a factor of 19310701?
False
Is 40 a factor of 71971839?
False
Is 806323460 a multiple of 60?
False
Does 44 divide 18560872?
True
Does 17 divide 44138923?
False
Is 353 a factor of 287793000?
False
Does 20 divide 7475783?
False
Is 55 a factor of 73132290?
True
Is 2539626594 a multiple of 110?
False
Is 2188708 a multiple of 27?
False
Does 415 divide 26410997?
False
Is 37 a factor of 41148457?
False
Is 332 a factor of 155702356?
True
Does 102 divide 197727620?
False
Is 57024600 a multiple of 12?
True
Is 104 a factor of 298515360?
True
Does 4574 divide 404346251?
False
Does 368 divide 153008077?
False
Is 20049253 a multiple of 179?
True
Is 3923017 a multiple of 7?
True
Is 2485353472 a multiple of 8?
True
Is 968 a factor of 30976968?
True
Does 55 divide 15812722?
False
Does 1221 divide 280263125?
False
Does 37 divide 9329550?
True
Is 20655995 a multiple of 3?
False
Does 64 divide 346149056?
True
Does 3097 divide 136271097?
True
Is 2709 a factor of 85323187?
False
Is 654 a factor of 95550054?
True
Is 131020991 a multiple of 378?
False
Is 66985048 a multiple of 632?
True
Is 696 a factor of 54408010?
False
Is 654 a factor of 21023407?
False
Is 2356 a factor of 64707540?
True
Is 17990946 a multiple of 1497?
True
Is 165 a factor of 2880574519?
False
Is 2021793 even?
False
Is 1006 a factor of 273005262?
True
Is 28968016 a multiple of 196?
True
Is 54 a factor of 76675084?
False
Does 73 divide 551019495?
False
Does 4 divide 443111219?
False
Does 180 divide 31284821?
False
Is 7039078 a multiple of 24?
False
Does 176 divide 739081904?
True
Is 30 a factor of 16471221?
False
Is 823626824 a multiple of 234?
False
Does 63 divide 1131702558?
False
Is 518046727 a multiple of 59?
True
Is 28541100 a multiple of 105?
True
Is 13 a factor of 52103831?
True
Does 47 divide 1730771569?
True
Is 737559407 a multiple of 13?
True
Is 5 a factor of 115884974?
False
Is 1156 a factor of 99976660?
True
Is 1064 a factor of 90828494?
False
Does 6 divide 9858126?
True
Is 426007536 a multiple of 1032?
True
Does 43 divide 565649015?
False
Does 90 divide 45425250?
True
Is 3347 a factor of 101191884?
False
Does 3005 divide 1444229548?
False
Does 86 divide 13496926?
True
Does 14 divide 463236?
False
Does 53 divide 554221106?
True
Is 19 a factor of 12666754?
False
Is 257 a factor of 53856770?
False
Is 69535456 a multiple of 230?
False
Is 2020 a factor of 390246764?
False
Does 4444 divide 331971244?
True
Is 297 a factor of 13147299?
True
Is 570 a factor of 64828950?
True
Does 29 divide 7942572519?
True
Is 4 a factor of 926230662?
False
Is 11618 a factor of 3100240064?
True
Is 36355981 a multiple of 714?
False
Is 193 a factor of 827850533?
True
Does 230 divide 307046090?
True
Does 6 divide 11371327?
False
Is 119009264 a multiple of 4136?
True
Does 1499 divide 93074409?
True
Is 159117715 a multiple of 5?
True
Does 37 divide 3715195?
False
Is 193417458 a multiple of 689?
True
Is 6105088 a multiple of 218?
False
Is 70187306 a multiple of 2254?
True
Does 114 divide 906899073?
False
Is 1717128200 a multiple of 1528?
True
Is 1264040115 a multiple of 39?
True
Does 19 divide 1006481487?
False
Is 7 a factor of 8815202?
False
Is 1313446512 a multiple of 84?
True
Does 409 divide 497589809?
True
Is 11 a factor of 81174346?
True
Is 38004635 a multiple of 1101?
False
Is 918 a factor of 41528484?
True
Does 3190 divide 103370749?
False
Is 62183150 a multiple of 43?
False
Does 1006 divide 5426415?
False
Is 42 a factor of 5488562814?
True
Is 337344358 a multiple of 153?
False
Is 136 a factor of 170987509?
False
Is 571058280 a multiple of 30?
True
Does 373 divide 103009172?
True
Does 9178 divide 3993274376?
True
Is 34 a factor of 266406858?
False
Does 634 divide 4255599?
False
Is 222 a factor of 315219354?
True
Does 955 divide 12993730?
True
Does 54 divide 4137307?
False
Does 3 divide 95357881?
False
Does 36 divide 4845204?
True
Is 21693775 a multiple of 1825?
True
Is 12 a factor of 27323982?
False
Is 39566856 a multiple of 24?
True
Does 839 divide 285935134?
False
Does 34 divide 120130398?
True
Is 136612107 a multiple of 32?
False
Is 53423858 a multiple of 3004?
False
Does 1626 divide 229131042?
True
Does 9 divide 106838937?
True
Is 1117624080 a multiple of 1140?
True
Is 471851366 a multiple of 11?
False
Is 343 a factor of 3778488?
True
Is 8173770 a multiple of 1034?
True
Is 13 a factor of 61031763?
True
Is 1000686555 a multiple of 33?
True
Is 7 a factor of 799018724?
True
Is 1342000920 a multiple of 195?
True
Is 2 a factor of 502954654?
True
Is 39 a factor of 127335217?
False
Does 4 divide 966747625?
False
Is 60044375 a multiple of 25?
True
Is 43 a factor of 3514579027?
False
Is 769403092 a multiple of 2080?
False
Does 51 divide 53228056?
False
Is 1389 a factor of 644639495?
False
Does 5135 divide 178820075?
False
Is 13077690 a multiple of 291?
False
Is 26 a factor of 5615577552?
True
Does 95 divide 21642638?
False
Is 2 a factor of 8296261?
False
Is 110 a factor of 3885860?
True
Is 1372 a factor of 306741783?
False
Does 505 divide 1765219994?
False
Does 159 divide 737887041?
True
Is 839 a factor of 94771762?
True
Does 38 divide 36325385?
False
